 0, -2*y - 2*j = 3*y - 3840. List the prime factors of y.
2, 383
Suppose 548 = 4*g - 0*g. Suppose -g + 365 = 4*f. What are the prime factors of f?
3, 19
Let g(m) = -2*m - 13. Let r be g(-11). Let t = -5 + r. Suppose t + 59 = 3*s. List the prime factors of s.
3, 7
Let t(u) = -u**3 - 7*u**2 - 4*u - 38. List the prime factors of t(-8).
2, 29
Suppose -39 + 9 = -5*p. Let o = p - -1. Suppose 5*r + o = -b + 37, 0 = 3*r - 3. What are the prime factors of b?
5
Let n = -35 - -60. Let b be 3/(-3 + 6)*n. Let q = b + -15. What are the prime factors of q?
2, 5
What are the prime factors of (-6)/4*(5 + -1089 - -10)?
3, 179
List the prime factors of 152 - (128/4)/8.
2, 37
Let m(n) = -2*n - 16. Let j be m(-12). Suppose 2*p = -3*p + 3*u + 12, 2*u = -5*p - j. Suppose -x + 54 + 14 = p. What are the prime factors of x?
2, 17
List the prime factors of ((-72)/5)/(6/(-20)).
2, 3
Suppose -6*m = -2*m - 16. Suppose -m*o + 21 = -4*w - 7, 2*w + 2 = 0. What are the prime factors of 45 + 1 - (o - 5)?
3, 5
Let g = -364 - -737. What are the prime factors of g?
373
Let p(d) = d**2 - 10*d - 36. Let w be p(13). Suppose 5*j + 5*o = 91 + 589, -426 = -3*j + w*o. List the prime factors of j.
139
Suppose -17*f + 27*f = 6100. What are the prime factors of f?
2, 5, 61
Suppose 10*g - 7*g + 164 = p, -3*g - 9 = 0. What are the prime factors of p?
5, 31
List the prime factors of (925/2)/((-20)/(-40)).
5, 37
Let m = 583 - 67. List the prime factors of m.
2, 3, 43
Let r(x) = 7*x**3 + 2*x**2 - 2*x - 42. What are the prime factors of r(5)?
3, 97
List the prime factors of (-14023)/(-11) - 2/(-11).
3, 5, 17
Let x = 1150 + -269. List the prime factors of x.
881
Let j(d) = -d - 2. Let t be j(4). Let f(c) be the second derivative of -7*c**3/6 + c**2 + 17*c. What are the prime factors of f(t)?
2, 11
Let j(f) = -539*f - 996. What are the prime factors of j(-10)?
2, 13
Let j(i) be the second derivative of 11*i**5/20 - i**4/12 + i**3/3 + 2*i. What are the prime factors of j(2)?
2, 11
Let d(b) be the third derivative of -b**6/120 + 2*b**5/15 - b**4/2 - b**3/3 - 16*b**2. What are the prime factors of d(5)?
13
Let l(w) = 2*w**3 - 4*w**2 + 3*w - 4. Let x be l(3). Suppose -5*z + 20 = v, x = 5*z - 3*v - 17. What are the prime factors of (1 - 7/z)*-185?
2, 37
Suppose -18*j = -3*j - 3060. Suppose -4*k = -7*k + j. List the prime factors of k.
2, 17
Let n(r) = -21*r**2 - r + 1. Let z be n(1). What are the prime factors of (-14)/z + 151/3?
3, 17
Let d = 4 - 2. List the prime factors of (302 + -2)/5 + d.
2, 31
Let g(n) = -n - 11. Let m be g(-11). Suppose m = j + 3*j. Let f = 8 - j. What are the prime factors of f?
2
Let s(a) = a + 9. Let j = -26 + 23. Let w be (-8)/6*(j - 0). What are the prime factors of s(w)?
13
Let c be (0 + -1)/(-2)*6. Let t(i) = -2*i**3 + 3*i**c - 10*i**2 - 15 + 5 + 14*i. List the prime factors of t(9).
5, 7
Let b(z) = z**3 + 5*z**2 + 2*z + 10. Let q be b(-5). Suppose -3*a + q - 2 = 5*j, -5*j = -2*a + 7. Suppose -13 = -3*y - a. List the prime factors of y.
2
Let j(h) = -2*h**2 - 5*h - 1. Let p be j(-2). What are the prime factors of (2/4 - p)*-122?
61
Let d(b) = 12*b - 13. Let w be d(15). Suppose -7*h + w = -120. List the prime factors of h.
41
Suppose -12*l + 44 = 10*l. Suppose -l*n = -0*n + 5*y - 225, 4*y = n - 132. What are the prime factors of n?
2, 3, 5
Let t(f) = 3*f + 21. Let x be t(-5). Suppose 0*z - 1086 = -x*z. List the prime factors of z.
181
Suppose -2*r + 379 = -5*g, 15*r - 4*g = 11*r + 776. List the prime factors of r.
197
Let c(v) be the second derivative of 157*v**5/20 - v**4/12 - v**3/6 + v**2/2 - 26*v. What are the prime factors of c(1)?
2, 3, 13
Suppose 2*m - 728 = -2*z, -2*z - m = -2*m - 740. List the prime factors of z.
2, 23
Let t = 50 - 121. Let j = -30 - t. List the prime factors of j.
41
Let a(x) be the second derivative of x**5/20 - x**4/12 + x**3/6 - 3*x**2/2 - x. List the prime factors of a(3).
2, 3
What are the prime factors of (1 + 11182/6)/((-50)/(-75))?
2797
Let u be -23 + (-1 - (-8 - -4)). Let o be u/(-50) - (-2)/(-5). Suppose -5*x + 4*x + 33 = o. List the prime factors of x.
3, 11
Let s(k) = 928*k - 464. What are the prime factors of s(5)?
2, 3, 29
Let i(y) = -y**3 - y + 6. Let q(v) = 3*v**3 - v**2 + 2*v - 19. Let d(z) = 11*i(z) + 4*q(z). What are the prime factors of d(7)?
2, 29
Suppose 0*m = 4*m + 428. Let z = 199 + m. What are the prime factors of z?
2, 23
Let m be ((-98)/14)/(1 + 0). Let d = 33 - m. List the prime factors of 550/d + (-1)/(-4).
2, 7
Let y(m) = -m**3 + 15*m**2 - 13*m - 15. Let x be y(15). List the prime factors of (-6)/(-27) - x/27.
2
Suppose -10*z = -6724 - 2466. What are the prime factors of z?
919
Let o(a) = -a**2 + 9*a + 13. Let z be o(10). Let w = 52 + -52. Suppose 3*d + w*l - 29 = -4*l, -5*d + z*l + 29 = 0. What are the prime factors of d?
7
Suppose v - 49 = -3*c - c, c + 5*v + 2 = 0. What are the prime factors of c?
13
Suppose 13*b + 25*b = 26980. What are the prime factors of b?
2, 5, 71
Let c(g) = 161*g - 2. Let f(m) = -80*m + 1. Let q(t) = 6*c(t) + 15*f(t). What are the prime factors of q(-1)?
3, 79
Let o(u) = u**2 + 2*u - 1. Let k be o(1). Suppose k*j = -108 + 356. List the prime factors of j.
2, 31
Suppose 4*f + 7*i + 7 = 2*i, 3*f + 2*i = 0. Suppose -y - 4*t + 230 = 2*y, 3*t + 159 = f*y. List the prime factors of y.
2, 3, 13
Suppose 6*j + 1265 - 4073 = 0. List the prime factors of j.
2, 3, 13
Suppose -10*z = -0*z - 3710. What are the prime factors of z?
7, 53
Let o(m) = m**2. Let h(l) = l**3 + 14*l**2 + 3*l - 5. Let j(s) = h(s) - 6*o(s). Let i be (2 + (2 - 11))*1. What are the prime factors of j(i)?
23
Let p be 2 + (-5 - (5 - 25)). Let y = p - -35. What are the prime factors of y?
2, 13
Suppose 4*s - 2 = -2*l, -3*l = -3*s - 0*s - 39. Let j = l - -18. List the prime factors of j.
3
Let b be ((-8)/(-6))/(14/(-21)). List the prime factors of (-47)/(21/18 + 3/b).
3, 47
Let s(v) = -179*v**3 + 11*v**2 - 17*v - 8. Let i(o) = -90*o**3 + 6*o**2 - 9*o - 4. Let t(j) = -11*i(j) + 6*s(j). List the prime factors of t(-1).
83
Let h(k) be the second derivative of -k**5/10 + k**4/12 - k**3/3 - k**2 - 23*k. List the prime factors of h(-3).
67
Suppose 4*i - 1709 = 4*u + 1947, 3650 = 4*i - u. List the prime factors of i.
2, 3, 19
Suppose 2*z = -4*x - 64, -z - 77 = 3*x + 2*x. Let t be x - (-1 + -1 - -3). What are the prime factors of (t/(-10))/(5/25)?
2
Suppose y + 1930 = 5*f, -3*f - y - 382 = -4*f. What are the prime factors of f?
3, 43
Let n be (-32)/(-14) - 4/14. Let y be n/5 + 81/(-15). Let c = 8 + y. List the prime factors of c.
3
Let t(h) = 10*h - 17. Let r be t(5). Suppose -45 = -3*a + r. What are the prime factors of a?
2, 13
Suppose 3*s = 4*s + 45. Let q = s - -117. What are the prime factors of q?
2, 3
Let d be (1/(-5))/(3/(-75)). Suppose d*z - 464 = -3*z. List the prime factors of z.
2, 29
Suppose -2*k = 3*f + 2*k - 53, -f + 3*k = 4. Let c = -8 + f. Suppose 4*g = 2*j + 22, 7*g - c*g - 10 = -2*j. What are the prime factors of g?
2
Suppose -16*s = -17*s + 5*k + 2621, 5*k - 10434 = -4*s. What are the prime factors of s?
7, 373
Let u = 96 + 154. Suppose -x + 4*n = -3*x + 98, 0 = -5*x - 5*n + u. What are the prime factors of x?
3, 17
Let x = -329 + 468. What are the prime factors of x?
139
Suppose -2*w + 8 = -3*y, -4*w = -4*y + 6 - 22. Let t be 174/w - (-6)/(-4). Let c = -19 + t. What are the prime factors of c?
23
Let t(n) = n + 9. Let v be t(-9). Suppose 0*j + 4*j - 180 = v. What are the prime factors of j?
3, 5
What are the prime factors of ((-22)/4)/((88/1008)/(-11))?
3, 7, 11
Suppose 5*g = 4*g - 5*a - 3, -a = -2*g - 6. Let v = 52 + g. List the prime factors of -3*5/15 + v.
2, 3
Let d be (-1 + 2)/(2/196). List the prime factors of d/8 + 1/(-4).
2, 3
Let v(n) = -n**2 + 0*n**2 + 15*n + 4*n**2 - 3*n. List the prime factors of v(-5).
3, 5
Let x = -30 - -30. Suppose x = i - 68 - 62. What are the prime factors of i?
2, 5, 13
Let c = 62 - 58. Suppose 3*k = -c*r - r + 98, 5*k + r = 156. What are the prime factors of k?
31
Let d = -165 + 208. List the prime factors of d.
43
Let o = -321 - -778. List the prime factors of o.
457
Let b(p) = p**3 + 15*p**2 + 2*p - 5. What are the prime factors of b(-6)?
307
Let j = -65 - -132. List the prime factors of j.
67
Let t = 4723 + -3320. List the prime factors of t.
23, 61
Let i(s) = -s + 4. Let p be i(6)